{"id":274,"date":"2018-07-21T16:32:06","date_gmt":"2018-07-21T21:32:06","guid":{"rendered":"http:\/\/koe.developmx.com\/?page_id=274"},"modified":"2020-04-30T20:01:52","modified_gmt":"2020-05-01T00:01:52","slug":"sede-neiva","status":"publish","type":"page","link":"https:\/\/koe.com.co\/v1\/sede-neiva\/","title":{"rendered":"Sede Neiva"},"content":{"rendered":"<p>[vc_section][vc_row][vc_column width=&#8221;1\/2&#8243;][gsf_heading title_font_size=&#8221;48&#8243; sub_title_font_size=&#8221;14&#8243; text_align=&#8221;text-left&#8221;]La principal arteria fluvial de Colombia, el r\u00edo Magdalena, le da vida a Neiva, la capital del departamento del Huila.<\/p>\n<p>Esta ciudad del suroccidente de Colombia, fundada en su ubicaci\u00f3n actual el 24 de mayo de 1612, crece en un valle f\u00e9rtil en historias de personajes fant\u00e1sticos creados por la imaginaci\u00f3n popular, en el que las tamboras del ritmo del sanjuanero definen el car\u00e1cter alegre de sus habitantes.[\/gsf_heading][gsf_space desktop=&#8221;30&#8243; tablet=&#8221;25&#8243; tablet_portrait=&#8221;20&#8243; mobile_landscape=&#8221;15&#8243; mobile=&#8221;10&#8243;][gsf_info_box layout_style=&#8221;style-03&#8243; title_font_size=&#8221;20&#8243; icon_bg_style=&#8221;icon-bg-circle-outline&#8221; icon_font=&#8221;fa fa-address-card-o&#8221; icon_hover_color=&#8221;#8c8c8c&#8221; ib_bg_color=&#8221;&#8221; icon_bg_color=&#8221;#0056a4&#8243; icon_size=&#8221;ib-small&#8221; hover_bg_color=&#8221;#ffffff&#8221; ib_box_shadow=&#8221;&#8221; hover_text_color=&#8221;#333333&#8243; link=&#8221;url:https%3A%2F%2Fwww.google.com%2Fmaps%2Fdir%2F%3Fapi%3D1%26destination%3DKOE%2BPolanco%2BNUEVA%2BSEDE||target:%20_blank|&#8221; el_class=&#8221;sede-ficha,direccion-ficha&#8221;]Calle 21 5 A 47 [\/gsf_info_box][gsf_info_box layout_style=&#8221;style-03&#8243; title_font_size=&#8221;20&#8243; icon_bg_style=&#8221;icon-bg-circle-outline&#8221; icon_font=&#8221;fa fa-phone&#8221; icon_hover_color=&#8221;#8c8c8c&#8221; ib_bg_color=&#8221;#ffffff&#8221; icon_bg_color=&#8221;#0056a4&#8243; icon_size=&#8221;ib-small&#8221; hover_bg_color=&#8221;#ffffff&#8221; hover_text_color=&#8221;#333333&#8243; link=&#8221;url:tel%3A%2B57%20-%208-%208%2075%2000%2011||target:%20_blank|&#8221; el_class=&#8221;sede-ficha,telefono-ficha&#8221;](8) 8 75 00 11[\/gsf_info_box][gsf_info_box layout_style=&#8221;style-03&#8243; title_font_size=&#8221;20&#8243; icon_bg_style=&#8221;icon-bg-circle-outline&#8221; icon_font=&#8221;fa fa-whatsapp&#8221; icon_hover_color=&#8221;#8c8c8c&#8221; ib_bg_color=&#8221;#ffffff&#8221; icon_bg_color=&#8221;#0056a4&#8243; icon_size=&#8221;ib-small&#8221; hover_bg_color=&#8221;#ffffff&#8221; hover_text_color=&#8221;#333333&#8243; link=&#8221;url:https%3A%2F%2Fwa.link%2F1zeg1k||target:%20_blank|&#8221; el_class=&#8221;sede-ficha,mail-ficha&#8221;]350 667 1814[\/gsf_info_box][\/vc_column][vc_column width=&#8221;1\/2&#8243;]\n            <div \n                class=\"elfsight-widget-google-maps elfsight-widget\" \n                data-elfsight-google-maps-options=\"%7B%22markers%22%3A%5B%7B%22position%22%3A%22koe%2C%20Calle%2021%2C%20Neiva%2C%20Huila%2C%20Colombia%22%2C%22coordinates%22%3A%222.9370246%2C%20-75.2907419%22%2C%22icon%22%3A%22custom%22%2C%22iconUrl%22%3A%22https%3A%5C%2F%5C%2Fkoe.com.co%5C%2Fwp-content%5C%2Fuploads%5C%2F2018%5C%2F07%5C%2Fpin-koe.png%22%2C%22infoWindow%22%3Atrue%2C%22infoTitle%22%3A%22Sede%20Neiva%22%2C%22infoDescription%22%3A%22%22%2C%22infoImage%22%3A%22https%3A%5C%2F%5C%2Fkoe.com.co%5C%2Fwp-content%5C%2Fuploads%5C%2F2019%5C%2F02%5C%2Fsede-neiva.jpg%22%2C%22infoAddress%22%3A%22Calle%2021%205%20A%2047%22%2C%22infoSite%22%3A%22https%3A%5C%2F%5C%2Fkoe.com.co%5C%2Fsede-neiva%22%2C%22infoPhone%22%3A%22%288%20%29%20875%2000%2011%20%20%7C%20WhatsApp%20350%20667%201814%22%2C%22infoEmail%22%3A%22%22%2C%22infoWorkingHours%22%3A%22%22%2C%22infoDirections%22%3Atrue%2C%22infoWindowOpenedByDefault%22%3Afalse%2C%22animation%22%3A%22bounce%22%2C%22linkUrl%22%3A%22%22%2C%22category%22%3A%22%22%7D%5D%2C%22categoriesEnabled%22%3Atrue%2C%22categories%22%3A%5B%5D%2C%22lang%22%3A%22es%22%2C%22distanceUnits%22%3A%22mi%22%2C%22mapType%22%3A%22roadmap%22%2C%22center%22%3A%222.9421964%2C-75.2548346%22%2C%22zoom%22%3A%2211%22%2C%22controls%22%3A%5B%22zoom%22%2C%22scale%22%2C%22streetView%22%2C%22rotate%22%2C%22fullscreen%22%5D%2C%22markerClusterEnabled%22%3Atrue%2C%22markerClusterZoom%22%3Atrue%2C%22markerClusterMin%22%3A2%2C%22infoDirections%22%3Atrue%2C%22directionsTarget%22%3A%22inline%22%2C%22scrollwheel%22%3Atrue%2C%22draggable%22%3Atrue%2C%22layers%22%3A%5B%22traffic%22%5D%2C%22width%22%3A%22auto%22%2C%22height%22%3A%22550%22%2C%22panelEnabled%22%3Atrue%2C%22panelOpenByDefault%22%3Atrue%2C%22panelSearchVisible%22%3Atrue%2C%22panelSearchBy%22%3A%22markers%22%2C%22panelSearchPlaceholder%22%3A%22%22%2C%22panelListItemElements%22%3A%5B%22title%22%2C%22category%22%2C%22image%22%2C%22address%22%2C%22phone%22%2C%22workingHours%22%5D%2C%22mainColor%22%3A%22rgb%2866%2C%20133%2C%20244%29%22%2C%22style%22%3A%22silver%22%2C%22colorGeometry%22%3A%22rgba%28245%2C245%2C245%2C1%29%22%2C%22colorLabelsTextFill%22%3A%22rgba%2897%2C97%2C97%2C1%29%22%2C%22colorLabelsTextStroke%22%3A%22rgba%28245%2C245%2C245%2C1%29%22%2C%22colorAdministrativeGeometryStroke%22%3A%22%22%2C%22colorAdministrativeLandParcel%22%3A%22rgba%28189%2C189%2C189%2C1%29%22%2C%22colorLandscapeNaturalGeometry%22%3A%22%22%2C%22colorPoiGeometry%22%3A%22rgba%28238%2C238%2C238%2C1%29%22%2C%22colorPoiLabelsTextFill%22%3A%22rgba%28117%2C117%2C117%2C1%29%22%2C%22colorPoiParkGeometryFill%22%3A%22rgba%28229%2C229%2C229%2C1%29%22%2C%22colorPoiParkLabelsTextFill%22%3A%22rgba%28158%2C158%2C158%2C1%29%22%2C%22colorRoadGeometry%22%3A%22rgba%28255%2C255%2C255%2C1%29%22%2C%22colorRoadArterial%22%3A%22rgba%28255%2C255%2C255%2C1%29%22%2C%22colorRoadHighway%22%3A%22rgba%28218%2C218%2C218%2C1%29%22%2C%22colorRoadHighwayGeometryStroke%22%3A%22rgba%28218%2C218%2C218%2C1%29%22%2C%22colorRoadHighwayControlledAccessGeometry%22%3A%22rgba%28255%2C255%2C255%2C1%29%22%2C%22colorRoadHighwayControlledAccessGeometryStroke%22%3A%22rgba%28255%2C255%2C255%2C1%29%22%2C%22colorRoadLocalLabelsTextFill%22%3A%22rgba%28158%2C158%2C158%2C1%29%22%2C%22colorTransitLineGeometry%22%3A%22rgba%28229%2C229%2C229%2C1%29%22%2C%22colorTransitLineLabelsTextFill%22%3A%22rgba%2897%2C97%2C97%2C1%29%22%2C%22colorTransitLineLabelsTextStroke%22%3A%22rgba%28245%2C245%2C245%2C1%29%22%2C%22colorTransitStationGeometry%22%3A%22rgba%28238%2C238%2C238%2C1%29%22%2C%22colorWaterGeometryFill%22%3A%22rgba%28201%2C201%2C201%2C1%29%22%2C%22colorWaterLabelTextFill%22%3A%22rgba%28158%2C158%2C158%2C1%29%22%2C%22customGoogleMapsStyles%22%3A%22%22%2C%22apiKey%22%3A%22AIzaSyBRaJwJwLeTpKcLf4armk84Dy8RSAGmjDc%22%7D\" \n                data-elfsight-google-maps-version=\"2.1.0\">\n            <\/div>\n            [\/vc_column][\/vc_row][\/vc_section]<\/p>\n","protected":false},"excerpt":{"rendered":"<p>[vc_section][vc_row][vc_column width=&#8221;1\/2&#8243;][gsf_heading title_font_size=&#8221;48&#8243; sub_title_font_size=&#8221;14&#8243; text_align=&#8221;text-left&#8221;]La principal arteria fluvial de Colombia, el r\u00edo Magdalena, le da vida a Neiva, la capital del departamento del Huila. Esta ciudad del suroccidente de Colombia, fundada en su ubicaci\u00f3n actual el 24 de mayo de 1612, crece en un valle f\u00e9rtil en historias de personajes fant\u00e1sticos creados por la imaginaci\u00f3n [&hellip;]<\/p>\n","protected":false},"author":1,"featured_media":1604,"parent":0,"menu_order":0,"comment_status":"closed","ping_status":"closed","template":"","meta":{"footnotes":""},"yoast_head":"<!-- This site is optimized with the Yoast SEO plugin v21.0 - https:\/\/yoast.com\/wordpress\/plugins\/seo\/ -->\n<title>Sede Neiva | KOE Colombia<\/title>\n<meta name=\"description\" content=\"Sede Neiva KOE Colombia. Calle 21 5 A 47 | Tel. 8 75 00 11 | WhatsApp 350 667 1824 La principal arteria fluvial de Colombia, el r\u00edo Magdalen.\" \/>\n<meta name=\"robots\" content=\"index, follow, max-snippet:-1, max-image-preview:large, max-video-preview:-1\" \/>\n<link rel=\"canonical\" href=\"https:\/\/koe.com.co\/v1\/sede-neiva\/\" \/>\n<meta property=\"og:locale\" content=\"es_ES\" \/>\n<meta property=\"og:type\" content=\"article\" \/>\n<meta property=\"og:title\" content=\"Sede Neiva | KOE Colombia\" \/>\n<meta property=\"og:description\" content=\"Sede Neiva KOE Colombia. Calle 21 5 A 47 | Tel. 8 75 00 11 | WhatsApp 350 667 1824 La principal arteria fluvial de Colombia, el r\u00edo Magdalen.\" \/>\n<meta property=\"og:url\" content=\"https:\/\/koe.com.co\/v1\/sede-neiva\/\" \/>\n<meta property=\"og:site_name\" content=\"KOE Colombia\" \/>\n<meta property=\"article:modified_time\" content=\"2020-05-01T00:01:52+00:00\" \/>\n<meta property=\"og:image\" content=\"https:\/\/koe.com.co\/v1\/wp-content\/uploads\/2019\/02\/sede-neiva.jpg\" \/>\n\t<meta property=\"og:image:width\" content=\"800\" \/>\n\t<meta property=\"og:image:height\" content=\"600\" \/>\n\t<meta property=\"og:image:type\" content=\"image\/jpeg\" \/>\n<meta name=\"twitter:card\" content=\"summary_large_image\" \/>\n<meta name=\"twitter:label1\" content=\"Tiempo estimado de lectura\" \/>\n\t<meta name=\"twitter:data1\" content=\"2 minutos\" \/>\n<script type=\"application\/ld+json\" class=\"yoast-schema-graph\">{\"@context\":\"https:\/\/schema.org\",\"@graph\":[{\"@type\":\"WebPage\",\"@id\":\"https:\/\/koe.com.co\/v1\/sede-neiva\/\",\"url\":\"https:\/\/koe.com.co\/v1\/sede-neiva\/\",\"name\":\"Sede Neiva | KOE Colombia\",\"isPartOf\":{\"@id\":\"https:\/\/koe.com.co\/v1\/#website\"},\"datePublished\":\"2018-07-21T21:32:06+00:00\",\"dateModified\":\"2020-05-01T00:01:52+00:00\",\"description\":\"Sede Neiva KOE Colombia. Calle 21 5 A 47 | Tel. 8 75 00 11 | WhatsApp 350 667 1824 La principal arteria fluvial de Colombia, el r\u00edo Magdalen.\",\"breadcrumb\":{\"@id\":\"https:\/\/koe.com.co\/v1\/sede-neiva\/#breadcrumb\"},\"inLanguage\":\"es-CO\",\"potentialAction\":[{\"@type\":\"ReadAction\",\"target\":[\"https:\/\/koe.com.co\/v1\/sede-neiva\/\"]}]},{\"@type\":\"BreadcrumbList\",\"@id\":\"https:\/\/koe.com.co\/v1\/sede-neiva\/#breadcrumb\",\"itemListElement\":[{\"@type\":\"ListItem\",\"position\":1,\"name\":\"Portada\",\"item\":\"https:\/\/koe.com.co\/v1\/\"},{\"@type\":\"ListItem\",\"position\":2,\"name\":\"Sede Neiva\"}]},{\"@type\":\"WebSite\",\"@id\":\"https:\/\/koe.com.co\/v1\/#website\",\"url\":\"https:\/\/koe.com.co\/v1\/\",\"name\":\"KOE Colombia\",\"description\":\"Mucho ma\u0301s que un curso de ingle\u0301s\",\"publisher\":{\"@id\":\"https:\/\/koe.com.co\/v1\/#organization\"},\"potentialAction\":[{\"@type\":\"SearchAction\",\"target\":{\"@type\":\"EntryPoint\",\"urlTemplate\":\"https:\/\/koe.com.co\/v1\/?s={search_term_string}\"},\"query-input\":\"required name=search_term_string\"}],\"inLanguage\":\"es-CO\"},{\"@type\":\"Organization\",\"@id\":\"https:\/\/koe.com.co\/v1\/#organization\",\"name\":\"COLOMBIA KOE S.A.S\",\"url\":\"https:\/\/koe.com.co\/v1\/\",\"logo\":{\"@type\":\"ImageObject\",\"inLanguage\":\"es-CO\",\"@id\":\"https:\/\/koe.com.co\/v1\/#\/schema\/logo\/image\/\",\"url\":\"https:\/\/koe.com.co\/wp-content\/uploads\/2021\/12\/png-logo.png\",\"contentUrl\":\"https:\/\/koe.com.co\/wp-content\/uploads\/2021\/12\/png-logo.png\",\"width\":909,\"height\":403,\"caption\":\"COLOMBIA KOE S.A.S\"},\"image\":{\"@id\":\"https:\/\/koe.com.co\/v1\/#\/schema\/logo\/image\/\"}}]}<\/script>\n<!-- \/ Yoast SEO plugin. -->","yoast_head_json":{"title":"Sede Neiva | KOE Colombia","description":"Sede Neiva KOE Colombia. Calle 21 5 A 47 | Tel. 8 75 00 11 | WhatsApp 350 667 1824 La principal arteria fluvial de Colombia, el r\u00edo Magdalen.","robots":{"index":"index","follow":"follow","max-snippet":"max-snippet:-1","max-image-preview":"max-image-preview:large","max-video-preview":"max-video-preview:-1"},"canonical":"https:\/\/koe.com.co\/v1\/sede-neiva\/","og_locale":"es_ES","og_type":"article","og_title":"Sede Neiva | KOE Colombia","og_description":"Sede Neiva KOE Colombia. Calle 21 5 A 47 | Tel. 8 75 00 11 | WhatsApp 350 667 1824 La principal arteria fluvial de Colombia, el r\u00edo Magdalen.","og_url":"https:\/\/koe.com.co\/v1\/sede-neiva\/","og_site_name":"KOE Colombia","article_modified_time":"2020-05-01T00:01:52+00:00","og_image":[{"width":800,"height":600,"url":"https:\/\/koe.com.co\/v1\/wp-content\/uploads\/2019\/02\/sede-neiva.jpg","type":"image\/jpeg"}],"twitter_card":"summary_large_image","twitter_misc":{"Tiempo estimado de lectura":"2 minutos"},"schema":{"@context":"https:\/\/schema.org","@graph":[{"@type":"WebPage","@id":"https:\/\/koe.com.co\/v1\/sede-neiva\/","url":"https:\/\/koe.com.co\/v1\/sede-neiva\/","name":"Sede Neiva | KOE Colombia","isPartOf":{"@id":"https:\/\/koe.com.co\/v1\/#website"},"datePublished":"2018-07-21T21:32:06+00:00","dateModified":"2020-05-01T00:01:52+00:00","description":"Sede Neiva KOE Colombia. Calle 21 5 A 47 | Tel. 8 75 00 11 | WhatsApp 350 667 1824 La principal arteria fluvial de Colombia, el r\u00edo Magdalen.","breadcrumb":{"@id":"https:\/\/koe.com.co\/v1\/sede-neiva\/#breadcrumb"},"inLanguage":"es-CO","potentialAction":[{"@type":"ReadAction","target":["https:\/\/koe.com.co\/v1\/sede-neiva\/"]}]},{"@type":"BreadcrumbList","@id":"https:\/\/koe.com.co\/v1\/sede-neiva\/#breadcrumb","itemListElement":[{"@type":"ListItem","position":1,"name":"Portada","item":"https:\/\/koe.com.co\/v1\/"},{"@type":"ListItem","position":2,"name":"Sede Neiva"}]},{"@type":"WebSite","@id":"https:\/\/koe.com.co\/v1\/#website","url":"https:\/\/koe.com.co\/v1\/","name":"KOE Colombia","description":"Mucho ma\u0301s que un curso de ingle\u0301s","publisher":{"@id":"https:\/\/koe.com.co\/v1\/#organization"},"potentialAction":[{"@type":"SearchAction","target":{"@type":"EntryPoint","urlTemplate":"https:\/\/koe.com.co\/v1\/?s={search_term_string}"},"query-input":"required name=search_term_string"}],"inLanguage":"es-CO"},{"@type":"Organization","@id":"https:\/\/koe.com.co\/v1\/#organization","name":"COLOMBIA KOE S.A.S","url":"https:\/\/koe.com.co\/v1\/","logo":{"@type":"ImageObject","inLanguage":"es-CO","@id":"https:\/\/koe.com.co\/v1\/#\/schema\/logo\/image\/","url":"https:\/\/koe.com.co\/wp-content\/uploads\/2021\/12\/png-logo.png","contentUrl":"https:\/\/koe.com.co\/wp-content\/uploads\/2021\/12\/png-logo.png","width":909,"height":403,"caption":"COLOMBIA KOE S.A.S"},"image":{"@id":"https:\/\/koe.com.co\/v1\/#\/schema\/logo\/image\/"}}]}},"_links":{"self":[{"href":"https:\/\/koe.com.co\/v1\/wp-json\/wp\/v2\/pages\/274"}],"collection":[{"href":"https:\/\/koe.com.co\/v1\/wp-json\/wp\/v2\/pages"}],"about":[{"href":"https:\/\/koe.com.co\/v1\/wp-json\/wp\/v2\/types\/page"}],"author":[{"embeddable":true,"href":"https:\/\/koe.com.co\/v1\/wp-json\/wp\/v2\/users\/1"}],"replies":[{"embeddable":true,"href":"https:\/\/koe.com.co\/v1\/wp-json\/wp\/v2\/comments?post=274"}],"version-history":[{"count":9,"href":"https:\/\/koe.com.co\/v1\/wp-json\/wp\/v2\/pages\/274\/revisions"}],"predecessor-version":[{"id":4125,"href":"https:\/\/koe.com.co\/v1\/wp-json\/wp\/v2\/pages\/274\/revisions\/4125"}],"wp:featuredmedia":[{"embeddable":true,"href":"https:\/\/koe.com.co\/v1\/wp-json\/wp\/v2\/media\/1604"}],"wp:attachment":[{"href":"https:\/\/koe.com.co\/v1\/wp-json\/wp\/v2\/media?parent=274"}],"curies":[{"name":"wp","href":"https:\/\/api.w.org\/{rel}","templated":true}]}}