{"id":643,"date":"2018-07-27T00:05:44","date_gmt":"2018-07-27T05:05:44","guid":{"rendered":"http:\/\/koe.developmx.com\/?page_id=643"},"modified":"2019-03-07T23:37:39","modified_gmt":"2019-03-08T05:37:39","slug":"propuesta-de-valor","status":"publish","type":"page","link":"https:\/\/koe.com.co\/v1\/propuesta-de-valor\/","title":{"rendered":"Propuesta de Valor"},"content":{"rendered":"<p>[vc_section][vc_row css=&#8221;.vc_custom_1546842154917{margin-top: 0px !important;margin-right: 0px !important;margin-bottom: 0px !important;margin-left: 0px !important;padding-top: 0px !important;padding-right: 0px !important;padding-bottom: 0px !important;padding-left: 0px !important;}&#8221;][vc_column el_class=&#8221;valor-bg&#8221; css=&#8221;.vc_custom_1550549793822{margin-top: 0px !important;margin-right: 0px !important;margin-bottom: 0px !important;margin-left: 0px !important;padding-top: 0px !important;padding-right: 0px !important;padding-bottom: 0px !important;padding-left: 0px !important;background-image: url(https:\/\/koe.com.co\/wp-content\/uploads\/2019\/02\/fondo4.jpg?id=1769) !important;background-position: 0 0 !important;background-repeat: repeat !important;}&#8221; offset=&#8221;vc_col-lg-offset-3 vc_col-lg-6 vc_col-md-offset-3 vc_col-md-6&#8243;][vc_single_image image=&#8221;1770&#8243; img_size=&#8221;full&#8221; alignment=&#8221;center&#8221;][\/vc_column][\/vc_row][\/vc_section][vc_section][vc_row][vc_column css_animation=&#8221;appear&#8221;][gsf_space desktop=&#8221;60&#8243; tablet=&#8221;40&#8243; tablet_portrait=&#8221;40&#8243; mobile_landscape=&#8221;30&#8243; mobile=&#8221;30&#8243;][gsf_button title=&#8221;M\u00e9todo Fast &amp; Easy&#8221; style=&#8221;outline&#8221; size=&#8221;xxl&#8221; align=&#8221;center&#8221; icon_font=&#8221;fa fa-long-arrow-right&#8221; icon_align=&#8221;right&#8221; el_class=&#8221;btn-rojo&#8221; link=&#8221;url:%2Fmetodo-fast-easy|title:M%C3%A9todo%20Fast%20%26%20Easy||&#8221;][gsf_space desktop=&#8221;60&#8243; tablet=&#8221;40&#8243; tablet_portrait=&#8221;40&#8243; mobile_landscape=&#8221;30&#8243; mobile=&#8221;30&#8243;][\/vc_column][\/vc_row][\/vc_section][vc_section css=&#8221;.vc_custom_1549596037950{background-image: url(https:\/\/koe.com.co\/wp-content\/uploads\/2019\/01\/bgelementos.jpg?id=1118) !important;background-position: center !important;background-repeat: no-repeat !important;background-size: cover !important;}&#8221;][vc_row][vc_column el_class=&#8221;home-action&#8221; offset=&#8221;vc_col-lg-offset-2 vc_col-lg-8 vc_col-md-offset-2 vc_col-md-8&#8243;][gsf_space desktop=&#8221;30&#8243; tablet=&#8221;25&#8243; tablet_portrait=&#8221;25&#8243; mobile_landscape=&#8221;20&#8243; mobile=&#8221;20&#8243;][vc_column_text css=&#8221;.vc_custom_1551043247360{margin-top: 0px !important;margin-right: 0px !important;margin-bottom: 0px !important;margin-left: 0px !important;}&#8221;]<\/p>\n<h3>Descubre lo que es el <strong>me\u0301todo innovador de KOE<\/strong> \u00a1Olvida las escuelas de ingle\u0301s!<\/h3>\n<p>[\/vc_column_text][gsf_button title=&#8221;REGI\u0301STRATE&#8221; size=&#8221;xxl&#8221; align=&#8221;center&#8221; icon_font=&#8221;fa fa-long-arrow-right&#8221; icon_align=&#8221;right&#8221; el_class=&#8221;btnaction&#8221; link=&#8221;url:https%3A%2F%2Fkoe.com.co%2F%23inicio|||&#8221;][\/vc_column][\/vc_row][vc_row][vc_column][gsf_space desktop=&#8221;50&#8243; tablet=&#8221;35&#8243; tablet_portrait=&#8221;35&#8243; mobile_landscape=&#8221;25&#8243; mobile=&#8221;25&#8243;][\/vc_column][\/vc_row][\/vc_section]<\/p>\n","protected":false},"excerpt":{"rendered":"<p>[vc_section][vc_row css=&#8221;.vc_custom_1546842154917{margin-top: 0px !important;margin-right: 0px !important;margin-bottom: 0px !important;margin-left: 0px !important;padding-top: 0px !important;padding-right: 0px !important;padding-bottom: 0px !important;padding-left: 0px !important;}&#8221;][vc_column el_class=&#8221;valor-bg&#8221; css=&#8221;.vc_custom_1550549793822{margin-top: 0px !important;margin-right: 0px !important;margin-bottom: 0px !important;margin-left: 0px !important;padding-top: 0px !important;padding-right: 0px !important;padding-bottom: 0px !important;padding-left: 0px !important;background-image: url(https:\/\/koe.com.co\/wp-content\/uploads\/2019\/02\/fondo4.jpg?id=1769) !important;background-position: 0 0 !important;background-repeat: repeat !important;}&#8221; offset=&#8221;vc_col-lg-offset-3 vc_col-lg-6 vc_col-md-offset-3 vc_col-md-6&#8243;][vc_single_image image=&#8221;1770&#8243; img_size=&#8221;full&#8221; alignment=&#8221;center&#8221;][\/vc_column][\/vc_row][\/vc_section][vc_section][vc_row][vc_column css_animation=&#8221;appear&#8221;][gsf_space desktop=&#8221;60&#8243; tablet=&#8221;40&#8243; tablet_portrait=&#8221;40&#8243; mobile_landscape=&#8221;30&#8243; [&hellip;]<\/p>\n","protected":false},"author":1,"featured_media":2018,"parent":0,"menu_order":0,"comment_status":"closed","ping_status":"closed","template":"","meta":{"footnotes":""},"yoast_head":"<!-- This site is optimized with the Yoast SEO plugin v21.0 - https:\/\/yoast.com\/wordpress\/plugins\/seo\/ -->\n<title>Propuesta de Valor | KOE Colombia<\/title>\n<meta name=\"description\" content=\"Porpuestas de Valor. Ingl\u00e9s cero estr\u00e9s, No ingleshtimidation, Have no fear koe is here. Con la pedadog\u00eda Fast &amp; Easy. Idioma Ingl\u00e9s expresa lo que quieres.\" \/>\n<meta name=\"robots\" content=\"index, follow, max-snippet:-1, max-image-preview:large, max-video-preview:-1\" \/>\n<link rel=\"canonical\" href=\"https:\/\/koe.com.co\/v1\/propuesta-de-valor\/\" \/>\n<meta property=\"og:locale\" content=\"es_ES\" \/>\n<meta property=\"og:type\" content=\"article\" \/>\n<meta property=\"og:title\" content=\"Propuesta de Valor | KOE Colombia\" \/>\n<meta property=\"og:description\" content=\"Porpuestas de Valor. Ingl\u00e9s cero estr\u00e9s, No ingleshtimidation, Have no fear koe is here. Con la pedadog\u00eda Fast &amp; Easy. Idioma Ingl\u00e9s expresa lo que quieres.\" \/>\n<meta property=\"og:url\" content=\"https:\/\/koe.com.co\/v1\/propuesta-de-valor\/\" \/>\n<meta property=\"og:site_name\" content=\"KOE Colombia\" \/>\n<meta property=\"article:modified_time\" content=\"2019-03-08T05:37:39+00:00\" \/>\n<meta property=\"og:image\" content=\"https:\/\/koe.com.co\/v1\/wp-content\/uploads\/2019\/03\/propuesta-de-valor-koe.jpg\" \/>\n\t<meta property=\"og:image:width\" content=\"800\" \/>\n\t<meta property=\"og:image:height\" content=\"500\" \/>\n\t<meta property=\"og:image:type\" content=\"image\/jpeg\" \/>\n<meta name=\"twitter:card\" content=\"summary_large_image\" \/>\n<meta name=\"twitter:label1\" content=\"Tiempo estimado de lectura\" \/>\n\t<meta name=\"twitter:data1\" content=\"2 minutos\" \/>\n<script type=\"application\/ld+json\" class=\"yoast-schema-graph\">{\"@context\":\"https:\/\/schema.org\",\"@graph\":[{\"@type\":\"WebPage\",\"@id\":\"https:\/\/koe.com.co\/v1\/propuesta-de-valor\/\",\"url\":\"https:\/\/koe.com.co\/v1\/propuesta-de-valor\/\",\"name\":\"Propuesta de Valor | KOE Colombia\",\"isPartOf\":{\"@id\":\"https:\/\/koe.com.co\/v1\/#website\"},\"datePublished\":\"2018-07-27T05:05:44+00:00\",\"dateModified\":\"2019-03-08T05:37:39+00:00\",\"description\":\"Porpuestas de Valor. Ingl\u00e9s cero estr\u00e9s, No ingleshtimidation, Have no fear koe is here. Con la pedadog\u00eda Fast & Easy. Idioma Ingl\u00e9s expresa lo que quieres.\",\"breadcrumb\":{\"@id\":\"https:\/\/koe.com.co\/v1\/propuesta-de-valor\/#breadcrumb\"},\"inLanguage\":\"es-CO\",\"potentialAction\":[{\"@type\":\"ReadAction\",\"target\":[\"https:\/\/koe.com.co\/v1\/propuesta-de-valor\/\"]}]},{\"@type\":\"BreadcrumbList\",\"@id\":\"https:\/\/koe.com.co\/v1\/propuesta-de-valor\/#breadcrumb\",\"itemListElement\":[{\"@type\":\"ListItem\",\"position\":1,\"name\":\"Portada\",\"item\":\"https:\/\/koe.com.co\/v1\/\"},{\"@type\":\"ListItem\",\"position\":2,\"name\":\"Propuesta de Valor\"}]},{\"@type\":\"WebSite\",\"@id\":\"https:\/\/koe.com.co\/v1\/#website\",\"url\":\"https:\/\/koe.com.co\/v1\/\",\"name\":\"KOE Colombia\",\"description\":\"Mucho ma\u0301s que un curso de ingle\u0301s\",\"publisher\":{\"@id\":\"https:\/\/koe.com.co\/v1\/#organization\"},\"potentialAction\":[{\"@type\":\"SearchAction\",\"target\":{\"@type\":\"EntryPoint\",\"urlTemplate\":\"https:\/\/koe.com.co\/v1\/?s={search_term_string}\"},\"query-input\":\"required name=search_term_string\"}],\"inLanguage\":\"es-CO\"},{\"@type\":\"Organization\",\"@id\":\"https:\/\/koe.com.co\/v1\/#organization\",\"name\":\"COLOMBIA KOE S.A.S\",\"url\":\"https:\/\/koe.com.co\/v1\/\",\"logo\":{\"@type\":\"ImageObject\",\"inLanguage\":\"es-CO\",\"@id\":\"https:\/\/koe.com.co\/v1\/#\/schema\/logo\/image\/\",\"url\":\"https:\/\/koe.com.co\/wp-content\/uploads\/2021\/12\/png-logo.png\",\"contentUrl\":\"https:\/\/koe.com.co\/wp-content\/uploads\/2021\/12\/png-logo.png\",\"width\":909,\"height\":403,\"caption\":\"COLOMBIA KOE S.A.S\"},\"image\":{\"@id\":\"https:\/\/koe.com.co\/v1\/#\/schema\/logo\/image\/\"}}]}<\/script>\n<!-- \/ Yoast SEO plugin. -->","yoast_head_json":{"title":"Propuesta de Valor | KOE Colombia","description":"Porpuestas de Valor. Ingl\u00e9s cero estr\u00e9s, No ingleshtimidation, Have no fear koe is here. Con la pedadog\u00eda Fast & Easy. Idioma Ingl\u00e9s expresa lo que quieres.","robots":{"index":"index","follow":"follow","max-snippet":"max-snippet:-1","max-image-preview":"max-image-preview:large","max-video-preview":"max-video-preview:-1"},"canonical":"https:\/\/koe.com.co\/v1\/propuesta-de-valor\/","og_locale":"es_ES","og_type":"article","og_title":"Propuesta de Valor | KOE Colombia","og_description":"Porpuestas de Valor. Ingl\u00e9s cero estr\u00e9s, No ingleshtimidation, Have no fear koe is here. Con la pedadog\u00eda Fast & Easy. Idioma Ingl\u00e9s expresa lo que quieres.","og_url":"https:\/\/koe.com.co\/v1\/propuesta-de-valor\/","og_site_name":"KOE Colombia","article_modified_time":"2019-03-08T05:37:39+00:00","og_image":[{"width":800,"height":500,"url":"https:\/\/koe.com.co\/v1\/wp-content\/uploads\/2019\/03\/propuesta-de-valor-koe.jpg","type":"image\/jpeg"}],"twitter_card":"summary_large_image","twitter_misc":{"Tiempo estimado de lectura":"2 minutos"},"schema":{"@context":"https:\/\/schema.org","@graph":[{"@type":"WebPage","@id":"https:\/\/koe.com.co\/v1\/propuesta-de-valor\/","url":"https:\/\/koe.com.co\/v1\/propuesta-de-valor\/","name":"Propuesta de Valor | KOE Colombia","isPartOf":{"@id":"https:\/\/koe.com.co\/v1\/#website"},"datePublished":"2018-07-27T05:05:44+00:00","dateModified":"2019-03-08T05:37:39+00:00","description":"Porpuestas de Valor. Ingl\u00e9s cero estr\u00e9s, No ingleshtimidation, Have no fear koe is here. Con la pedadog\u00eda Fast & Easy. Idioma Ingl\u00e9s expresa lo que quieres.","breadcrumb":{"@id":"https:\/\/koe.com.co\/v1\/propuesta-de-valor\/#breadcrumb"},"inLanguage":"es-CO","potentialAction":[{"@type":"ReadAction","target":["https:\/\/koe.com.co\/v1\/propuesta-de-valor\/"]}]},{"@type":"BreadcrumbList","@id":"https:\/\/koe.com.co\/v1\/propuesta-de-valor\/#breadcrumb","itemListElement":[{"@type":"ListItem","position":1,"name":"Portada","item":"https:\/\/koe.com.co\/v1\/"},{"@type":"ListItem","position":2,"name":"Propuesta de Valor"}]},{"@type":"WebSite","@id":"https:\/\/koe.com.co\/v1\/#website","url":"https:\/\/koe.com.co\/v1\/","name":"KOE Colombia","description":"Mucho ma\u0301s que un curso de ingle\u0301s","publisher":{"@id":"https:\/\/koe.com.co\/v1\/#organization"},"potentialAction":[{"@type":"SearchAction","target":{"@type":"EntryPoint","urlTemplate":"https:\/\/koe.com.co\/v1\/?s={search_term_string}"},"query-input":"required name=search_term_string"}],"inLanguage":"es-CO"},{"@type":"Organization","@id":"https:\/\/koe.com.co\/v1\/#organization","name":"COLOMBIA KOE S.A.S","url":"https:\/\/koe.com.co\/v1\/","logo":{"@type":"ImageObject","inLanguage":"es-CO","@id":"https:\/\/koe.com.co\/v1\/#\/schema\/logo\/image\/","url":"https:\/\/koe.com.co\/wp-content\/uploads\/2021\/12\/png-logo.png","contentUrl":"https:\/\/koe.com.co\/wp-content\/uploads\/2021\/12\/png-logo.png","width":909,"height":403,"caption":"COLOMBIA KOE S.A.S"},"image":{"@id":"https:\/\/koe.com.co\/v1\/#\/schema\/logo\/image\/"}}]}},"_links":{"self":[{"href":"https:\/\/koe.com.co\/v1\/wp-json\/wp\/v2\/pages\/643"}],"collection":[{"href":"https:\/\/koe.com.co\/v1\/wp-json\/wp\/v2\/pages"}],"about":[{"href":"https:\/\/koe.com.co\/v1\/wp-json\/wp\/v2\/types\/page"}],"author":[{"embeddable":true,"href":"https:\/\/koe.com.co\/v1\/wp-json\/wp\/v2\/users\/1"}],"replies":[{"embeddable":true,"href":"https:\/\/koe.com.co\/v1\/wp-json\/wp\/v2\/comments?post=643"}],"version-history":[{"count":21,"href":"https:\/\/koe.com.co\/v1\/wp-json\/wp\/v2\/pages\/643\/revisions"}],"predecessor-version":[{"id":2019,"href":"https:\/\/koe.com.co\/v1\/wp-json\/wp\/v2\/pages\/643\/revisions\/2019"}],"wp:featuredmedia":[{"embeddable":true,"href":"https:\/\/koe.com.co\/v1\/wp-json\/wp\/v2\/media\/2018"}],"wp:attachment":[{"href":"https:\/\/koe.com.co\/v1\/wp-json\/wp\/v2\/media?parent=643"}],"curies":[{"name":"wp","href":"https:\/\/api.w.org\/{rel}","templated":true}]}}